22 is divided by 25?
22
What is the remainder when 387 is divided by 56?
51
Calculate the remainder when 50 is divided by 35.
15
Calculate the remainder when 754 is divided by 750.
4
Calculate the remainder when 40 is divided by 14.
12
Calculate the remainder when 2277 is divided by 10.
7
Calculate the remainder when 4333 is divided by 15.
13
What is the remainder when 763 is divided by 248?
19
Calculate the remainder when 673 is divided by 405.
268
What is the remainder when 1301 is divided by 431?
8
Calculate the remainder when 622 is divided by 83.
41
Calculate the remainder when 283 is divided by 32.
27
Calculate the remainder when 573 is divided by 18.
15
What is the remainder when 78 is divided by 69?
9
Calculate the remainder when 196 is divided by 40.
36
Calculate the remainder when 5731 is divided by 117.
115
Calculate the remainder when 88 is divided by 43.
2
What is the remainder when 74 is divided by 16?
10
Calculate the remainder when 35 is divided by 20.
15
Calculate the remainder when 749 is divided by 126.
119
Calculate the remainder when 4176 is divided by 21.
18
What is the remainder when 1366 is divided by 18?
16
Calculate the remainder when 609 is divided by 110.
59
Calculate the remainder when 284 is divided by 25.
9
Calculate the remainder when 806 is divided by 135.
131
Calculate the remainder when 1871 is divided by 82.
67
What is the remainder when 229 is divided by 39?
34
What is the remainder when 1204 is divided by 2?
0
What is the remainder when 1385 is divided by 413?
146
What is the remainder when 123 is divided by 67?
56
What is the remainder when 97 is divided by 10?
7
Calculate the remainder when 112 is divided by 50.
12
What is the remainder when 898 is divided by 25?
23
Calculate the remainder when 1131 is divided by 27.
24
Calculate the remainder when 244 is divided by 13.
10
Calculate the remainder when 73 is divided by 5.
3
What is the remainder when 1321 is divided by 102?
97
Calculate the remainder when 4437 is divided by 15.
12
Calculate the remainder when 436 is divided by 6.
4
Calculate the remainder when 7167 is divided by 128.
127
Calculate the remainder when 4452 is divided by 99.
96
What is the remainder when 108 is divided by 58?
50
Calculate the remainder when 11 is divided by 4.
3
Calculate the remainder when 317 is divided by 176.
141
Calculate the remainder when 505 is divided by 175.
155
Calculate the remainder when 657 is divided by 123.
42
Calculate the remainder when 132 is divided by 69.
63
Calculate the remainder when 228 is divided by 81.
66
What is the remainder when 538 is divided by 110?
98
What is the remainder when 4 is divided by 3?
1
What is the remainder when 151 is divided by 77?
74
What is the remainder when 2201 is divided by 221?
212
Calculate the remainder when 23 is divided by 12.
11
Calculate the remainder when 169 is divided by 34.
33
Calculate the remainder when 7870 is divided by 4.
2
Calculate the remainder when 120 is divided by 19.
6
Calculate the remainder when 86 is divided by 32.
22
Calculate the remainder when 7952 is divided by 194.
192
What is the remainder when 43 is divided by 17?
9
Calculate the remainder when 510 is divided by 47.
40
What is the remainder when 179 is divided by 15?
14
What is the remainder when 119 is divided by 6?
5
Calculate the remainder when 3399 is divided by 100.
99
What is the remainder when 2644 is divided by 49?
47
What is the remainder when 177 is divided by 37?
29
Calculate the remainder when 129 is divided by 97.
32
Calculate the remainder when 3024 is divided by 121.
120
Calculate the remainder when 377 is divided by 16.
9
What is the remainder when 247 is divided by 107?
33
Calculate the remainder when 68 is divided by 9.
5
Calculate the remainder when 42 is divided by 6.
0
Calculate the remainder when 61 is divided by 13.
9
What is the remainder when 1196 is divided by 75?
71
Calculate the remainder when 92 is divided by 47.
45
What is the remainder when 15903 is divided by 41?
36
Calculate the remainder when 58 is divided by 17.
7
What is the remainder when 954 is divided by 17?
2
What is the remainder when 208 is divided by 34?
4
What is the remainder when 325 is divided by 78?
13
What is the remainder when 6439 is divided by 57?
55
What is the remainder when 156 is divided by 37?
8
Calculate the remainder when 10003 is divided by 122.
121
Calculate the remainder when 595 is divided by 168.
91
What is the remainder when 64 is divided by 10?
4
Calculate the remainder when 30032 is divided by 71.
70
What is the remainder when 6603 is divided by 26?
25
Calculate the remainder when 65 is divided by 22.
21
Calculate the remainder when 3619 is divided by 403.
395
Calculate the remainder when 2207 is divided by 100.
7
What is the remainder when 682 is divided by 114?
112
What is the remainder when 637 is divided by 256?
125
Calculate the remainder when 1208 is divided by 130.
38
Calculate the remainder when 68 is divided by 10.
8
What is the remainder when 93 is divided by 38?
17
What is the remainder when 357 is divided by 324?
33
Calculate the remainder when 8552 is divided by 2845.
17
What is the remainder when 67 is divided by 18?
13
Calculate the remainder when 31 is divided by 12.
7
What is the remainder when 370 is divided by 208?
162
Calculate the remainder when 167 is divided by 30.
17
What is the remainder when 68 is divided by 36?
32
Calculate the remainder when 1783 is divided by 61.
14
Calculate the remainder when 213 is divided by 31.
27
Calculate the remainder when 377 is divided by 186.
5
What is the remainder when 1252 is divided by 56?
20
Calculate the remainder when 32 is divided by 30.
2
What is the remainder when 478 is divided by 69?
64
Calculate the remainder when 284 is divided by 6.
2
What is the remainder when 344 is divided by 52?
32
Calculate the remainder when 5962 is divided by 17.
12
Calculate the remainder when 213 is divided by 24.
21
Calculate the remainder when 75 is divided by 18.
3
What is the remainder when 159 is divided by 32?
31
What is the remainder when 2619 is divided by 23?
20
What is the remainder when 3015 is divided by 7?
5
Calculate the remainder when 271 is divided by 55.
51
What is the remainder when 5380 is divided by 61?
12
What is the remainder when 14 is divided by 8?
6
Calculate the remainder when 1570 is divided by 391.
6
What is the remainder when 13726 is divided by 39?
37
What is the remainder when 82 is divided by 28?
26
Calculate the remainder when 1527 is divided by 10.
7
What is the remainder when 18341 is divided by 18?
17
Calculate the remainder when 70 is divided by 29.
12
Calculate the remainder when 886 is divided by 64.
54
Calculate the remainder when 4642 is divided by 95.
82
What is the remainder when 149 is divided by 76?
73
What is the remainder when 56 is divided by 11?
1
Calculate the remainder when 293 is divided by 35.
13
Calculate the remainder when 491 is divided by 99.
95
What is the remainder when 783 is divided by 324?
135
What is the remainder when 190 is divided by 66?
58
Calculate the remainder when 733 is divided by 106.
97
Calculate the remainder when 686 is divided by 236.
214
Calculate the remainder when 164 is divided by 22.
10
Calculate the remainder when 3259 is divided by 17.
12
What is the remainder when 315 is divided by 46?
39
Calculate the remainder when 168 is divided by 55.
3
What is the remainder when 495 is divided by 258?
237
Calculate the remainder when 306 is divided by 6.
0
Calculate the remainder when 1450 is divided by 85.
5
Calculate the remainder when 5759 is divided by 274.
5
What is the remainder when 52 is divided by 8?
4
Calculate the remainder when 193 is divided by 186.
7
Calculate the remainder when 373 is divided by 95.
88
Calculate the remainder when 3527 is divided by 9.
8
What is the remainder when 241 is divided by 35?
31
What is the remainder when 648 is divided by 131?
124
Calculate the remainder when 951 is divided by 60.
51
What is the remainder when 5788 is divided by 181?
177
What is the remainder when 208 is divided by 50?
8
What is the remainder when 282 is divided by 27?
12
What is the remainder when 625 is divided by 87?
16
Calculate the remainder when 409 is divided by 7.
3
What is the remain